er?
True
Is 9087564457 a composite number?
False
Is 17928229061 composite?
True
Is 238152643 a prime number?
False
Is 1017056597 prime?
False
Is 354772013 composite?
False
Is 24121921949 composite?
False
Is 67435867643 a prime number?
False
Is 9040437163 prime?
True
Is 2803432847 a composite number?
False
Is 700253291 a prime number?
True
Is 36979420657 prime?
True
Is 1017740387 composite?
True
Is 1505051139 a composite number?
True
Is 5031460069 prime?
False
Is 23157023165 prime?
False
Is 8271963761 a prime number?
True
Is 644676965383 a composite number?
True
Is 338995529 composite?
True
Is 1797023801 composite?
True
Is 7985795177 prime?
True
Is 19485952027 a composite number?
True
Is 2737626283 composite?
True
Is 148953107 a composite number?
False
Is 439472903 a composite number?
False
Is 12917839387 a prime number?
True
Is 2204307037 composite?
False
Is 19660218761 a composite number?
False
Is 1306638643 a composite number?
True
Is 28645743727 prime?
True
Is 4792864751 composite?
False
Is 46835173465 a composite number?
True
Is 110516531 a prime number?
True
Is 1309809901 composite?
True
Is 77007252741 a prime number?
False
Is 30825043 a prime number?
False
Is 276895727 a composite number?
False
Is 28243285067 a composite number?
False
Is 628861333 prime?
True
Is 43154007007 a composite number?
False
Is 25655520557 a prime number?
True
Is 995858089 a composite number?
False
Is 2968743697 a prime number?
False
Is 280066426895 a prime number?
False
Is 4180394699 prime?
False
Is 440107841 a prime number?
True
Is 118948106477 a composite number?
True
Is 68565191797 a prime number?
True
Is 308408637 a prime number?
False
Is 334644593 composite?
True
Is 4064897483 a prime number?
True
Is 1421542783 a prime number?
False
Is 1011813437 a composite number?
False
Is 13351215821 a prime number?
False
Is 1512135263 a composite number?
False
Is 49645954 composite?
True
Is 8227851617 composite?
True
Is 6368498459 composite?
False
Is 312496811 prime?
False
Is 1756184293 a prime number?
True
Is 5691058421 prime?
True
Is 728567731 composite?
True
Is 1281718939 a prime number?
False
Is 1273911497 a composite number?
False
Is 4882449883 a prime number?
True
Is 207407141 a prime number?
False
Is 6270127249 a composite number?
True
Is 306154863731 a composite number?
False
Is 14882763943 a composite number?
True
Is 11766216037 a composite number?
True
Is 7236075787 a composite number?
False
Is 4167903723 a composite number?
True
Is 12403268599 a composite number?
False
Is 45855287813 composite?
True
Is 11329493899 a prime number?
False
Is 27083425619 a prime number?
True
Is 19398431665 a composite number?
True
Is 10545053807 a composite number?
False
Is 193069757 prime?
False
Is 17514779 prime?
False
Is 7623478061 a prime number?
True
Is 848098547 a composite number?
False
Is 1492587307 a prime number?
False
Is 40892086421 composite?
False
Is 36432783977 a prime number?
True
Is 9518848033 a composite number?
False
Is 40992961 composite?
True
Is 42595029251 composite?
True
Is 11737973297 a prime number?
False
Is 217992280069 composite?
True
Is 6782725799 a prime number?
True
Is 7807823707 prime?
False
Is 6764733545 composite?
True
Is 152136683 a prime number?
False
Is 8432884211 a prime number?
False
Is 103003469 a prime number?
False
Is 5803385883 prime?
False
Is 34551575803 prime?
False
Is 11002181317 a composite number?
False
Is 663213877 prime?
False
Is 16960074613 composite?
False
Is 558366059 a composite number?
False
Is 12968547049 a composite number?
True
Is 569026169 a composite number?
False
Is 29951644483 prime?
False
Is 19061953 composite?
False
Is 7832794451 a composite number?
False
Is 10779099257 a composite number?
False
Is 11517797 a prime number?
False
Is 25544156189 prime?
False
Is 21272599 a prime number?
False
Is 221348213 a composite number?
True
Is 2417477617 composite?
True
Is 5670061157 prime?
True
Is 1092583837 composite?
False
Is 1973398547 prime?
False
Is 514729639 a composite number?
False
Is 1429550827 composite?
True
Is 3993092449 prime?
True
Is 1172870695 prime?
False
Is 53084342099 prime?
False
Is 332495807 prime?
False
Is 975762701 a prime number?
False
Is 862021471 composite?
True
Is 952022737 a prime number?
True
Is 62287607101 composite?
True
Is 28282642651 a composite number?
True
Is 18183419629 a composite number?
False
Is 48133193 a composite number?
False
Is 583375459 a prime number?
True
Is 30075678889 a prime number?
False
Is 34156614451 a composite number?
False
Is 10009670767 composite?
False
Is 1480232423 a composite number?
True
Is 3883927667 prime?
True
Is 7220215727 prime?
False
Is 25033962553 a prime number?
True
Is 27954038267 prime?
True
Is 7407058471 composite?
False
Is 44330065453 composite?
True
Is 1265113667 a prime number?
False
Is 7121017039 a composite number?
True
Is 937313219 prime?
False
Is 128052767071 a composite number?
False
Is 9069924089 prime?
True
Is 147364649 composite?
False
Is 139147132105 a composite number?
True
Is 6665744381 a composite number?
False
Is 2258731007 composite?
True
Is 15667994327 composite?
False
Is 1802628563 a composite number?
True
Is 1155629759 prime?
False
Is 22990476871 a prime number?
True
Is 45764873629 a prime number?
True
Is 4951345573 prime?
True
Is 2033758291 a prime number?
False
Is 307033927 a prime number?
False
Is 648710431 a composite number?
False
Is 1217973137 a prime number?
True
Is 124675426663 a composite number?
False
Is 616669769 a prime number?
True
Is 3670046349 prime?
False
Is 13770111379 prime?
True
Is 7319662979 prime?
False
Is 173287871 prime?
False
Is 3295397443 composite?
True
Is 9459276389 prime?
False
Is 583134109 prime?
True
Is 56605082669 composite?
False
Is 416126831 composite?
False
Is 416265019 prime?
True
Is 493394827 composite?
True
Is 335522087 composite?
True
Is 210803921 a prime number?
True
Is 1400590673 a composite number?
False
Is 1122299407 a prime number?
True
Is 2240087017 composite?
True
Is 771625979 a composite number?
True
Is 3724904741 composite?
False
Is 216336505279 a prime number?
True
Is 10379222463 composite?
True
Is 189237055927 prime?
False
Is 210752981 composite?
False
Is 51189393863 prime?
True
Is 340537951 a prime number?
False
Is 579384763 composite?
False
Is 73425854261 composite?
True
Is 4021341391 composite?
True
Is 4033044069 a prime number?
False
Is 6260974141 prime?
False
Is 5882147723 prime?
True
Is 6561981841 a prime number?
True
Is 6689406953 a composite number?
False
Is 64508767 a composite number?
True
Is 22687217639 a prime number?
True
Is 271320271427 composite?
False
Is 4238888161 composite?
False
Is 119531977291 prime?
True
Is 3409341293 composite?
True
Is 26712571253 a prime number?
True
Is 2532140201 a composite number?
True
Is 7119892799 composite?
False
Is 959541391 composite?
True
Is 3006813503 a prime number?
True
Is 1098352495 composite?
True
Is 38639607809 a prime number?
False
Is 94452661 composite?
False
Is 5511400121 composite?
False
Is 1221353533 a prime number?
False
Is 1585556159 a composite number?
True
Is 2229218699 a composite number?
False
Is 77164350017 prime?
False
Is 10927416407 prime?
True
Is 26627049887 composite?
False
Is 17421601 composite?
True
Is 21230465701 composite?
False
Is 63727289179 a prime number?
False
Is 8537465249 prime?
False
Is 143216573 prime?
False
Is 7627945907 prime?
True
Is 1206459329 prime?
False
Is 150327390241 composite?
True
Is 2444062799 prime?
False
Is 1070770947 a composite number?
True
Is 5388335083 a prime number?
False
Is 54388313131 a composite number?
False
Is 961607833 prime?
False
Is 1212050501 prime?
True
Is 85763621531 a composite number?
True
Is 60750677783 prime?
True
Is 2190702023 prime?
False
Is 3829420649 a prime number?
True
Is 936813887 composite?
False
Is 143392578683 composite?
False
Is 28767307861 composite?
False
Is 2833707931 a composite number?
False
Is 46361875541 a prime number?
True
Is 54888422891 a composite number?
False
Is 109280742845 prime?
False
Is 4873592831 a composite number?
True
Is 10186042397 a prime number?
True
Is 2915995469 prime?
True
Is 1858581383 a composite number?
False
Is 1042186967 a composite number?
False
Is 34931097199 a composite number?
False
Is 17216963 a prime number?
True
Is 35632340